{"id":822,"date":"2021-08-16T11:45:28","date_gmt":"2021-08-16T09:45:28","guid":{"rendered":"https:\/\/rumex.mendelu.cz\/zstv\/?page_id=822"},"modified":"2022-07-19T11:06:37","modified_gmt":"2022-07-19T09:06:37","slug":"poradenstvi-a-vzdelavani","status":"publish","type":"page","link":"https:\/\/zstv.cz\/?page_id=822","title":{"rendered":"\u0160kolen\u00ed"},"content":{"rendered":"\n<p><b><span data-contrast=\"auto\">\u0160kolen\u00ed mont\u00e1\u017en\u00edk\u016f v oblasti zabudov\u00e1n\u00ed oken a vn\u011bj\u0161\u00edch dve\u0159\u00ed do stavby<\/span><\/b><span data-contrast=\"auto\">&nbsp;&nbsp;<\/span><\/p>\n\n\n\n<p><span data-contrast=\"auto\">Prov\u00e1d\u00edme&nbsp; \u0161kolen\u00ed mont\u00e1\u017en\u00edk\u016f dle platn\u00fdch po\u017eadavk\u016f na zabudov\u00e1n\u00ed oken a dve\u0159\u00ed do stavby, v\u010detn\u011b dohledu p\u0159i mont\u00e1\u017ei. V p\u0159\u00edpad\u011b z\u00e1jmu lze na tyto \u010dinnosti vydat <a href=\"?p=667\">osv\u011bd\u010den\u00ed<\/a> nez\u00e1visl\u00e9 instituce, kter\u00e9 prok\u00e1\u017ee va\u0161i odbornou zp\u016fsobilost.&nbsp;<\/span><\/p>\n\n\n\n<p><\/p>\n\n\n\n<p><b><span data-contrast=\"auto\">\u0160kolen\u00ed v\u202foblasti platn\u00e9 legislativy<\/span><\/b><span data-contrast=\"auto\">&nbsp;<\/span><span data-ccp-props=\"{&quot;201341983&quot;:0,&quot;335559739&quot;:200,&quot;335559740&quot;:240}\">&nbsp;<\/span><\/p>\n\n\n\n<p><span data-contrast=\"auto\">P\u0159edev\u0161\u00edm u v\u00fdrobk\u016f, na kter\u00e9 se vztahuj\u00ed z\u00e1vazn\u00e9 po\u017eadavky vypl\u00fdvaj\u00edc\u00ed ze z\u00e1kona nebo na\u0159\u00edzen\u00ed vl\u00e1dy, m\u016f\u017eeme nab\u00eddnout na\u0161e slu\u017eby a pom\u016f\u017eeme v\u00e1m se v\u202fjednotliv\u00fdch po\u017eadavc\u00edch zorientovat. \u0160kolen\u00ed nebo konzultaci m\u016f\u017eeme pro v\u011bt\u0161\u00ed po\u010det lid\u00ed napl\u00e1novat p\u0159\u00edmo u v\u00e1s nebo v\u202findividu\u00e1ln\u00edch p\u0159\u00edpadech i na na\u0161em pracovi\u0161ti.&nbsp;<\/span><\/p>\n\n\n\n<p><\/p>\n\n\n\n<p class=\"hidden\"><b><span data-contrast=\"auto\">Poradenstv\u00ed<\/span><\/b><span data-contrast=\"auto\">&nbsp;<\/span><span data-ccp-props=\"{&quot;201341983&quot;:0,&quot;335559739&quot;:200,&quot;335559740&quot;:240}\">&nbsp;<\/span><\/p>\n\n\n\n<ul class=\"hidden wp-block-list\"><li data-leveltext=\"\uf0b7\" data-font=\"Symbol\" data-listid=\"30\" aria-setsize=\"-1\" data-aria-posinset=\"1\" data-aria-level=\"1\"><span data-contrast=\"auto\">konzulta\u010dn\u00ed \u010dinnost v\u00fdrobkov\u00e1 a technologick\u00e1,<\/span><span data-ccp-props=\"{&quot;134233279&quot;:true,&quot;201341983&quot;:0,&quot;335559739&quot;:200,&quot;335559740&quot;:240}\">&nbsp;<\/span><\/li><li data-leveltext=\"\uf0b7\" data-font=\"Symbol\" data-listid=\"30\" aria-setsize=\"-1\" data-aria-posinset=\"2\" data-aria-level=\"1\"><span data-contrast=\"auto\">poradenstv\u00ed p\u0159i volb\u011b a zm\u011bn\u011b materi\u00e1l\u016f,<\/span><span data-ccp-props=\"{&quot;134233279&quot;:true,&quot;201341983&quot;:0,&quot;335559739&quot;:200,&quot;335559740&quot;:240}\">&nbsp;<\/span><\/li><li data-leveltext=\"\uf0b7\" data-font=\"Symbol\" data-listid=\"30\" aria-setsize=\"-1\" data-aria-posinset=\"3\" data-aria-level=\"1\"><span data-contrast=\"auto\">poradenstv\u00ed p\u0159i volb\u011b a zm\u011bn\u011b technologi\u00ed,<\/span><span data-ccp-props=\"{&quot;134233279&quot;:true,&quot;201341983&quot;:0,&quot;335559739&quot;:200,&quot;335559740&quot;:240}\">&nbsp;<\/span><\/li><li data-leveltext=\"\uf0b7\" data-font=\"Symbol\" data-listid=\"30\" aria-setsize=\"-1\" data-aria-posinset=\"3\" data-aria-level=\"1\"><span data-contrast=\"auto\">technick\u00e1 podpora pro zad\u00e1n\u00ed v\u00fdb\u011brov\u00fdch \u0159\u00edzen\u00ed,<\/span><span data-ccp-props=\"{&quot;134233279&quot;:true,&quot;201341983&quot;:0,&quot;335559739&quot;:200,&quot;335559740&quot;:240}\">&nbsp;<\/span><\/li><li data-leveltext=\"\uf0b7\" data-font=\"Symbol\" data-listid=\"30\" aria-setsize=\"-1\" data-aria-posinset=\"3\" data-aria-level=\"1\"><span data-contrast=\"auto\">dozorov\u00e1n\u00ed mont\u00e1\u017e\u00ed otvorov\u00fdch v\u00fdpln\u00ed <\/span><span data-contrast=\"auto\">nebo podlahovin <\/span><span data-contrast=\"auto\">na stavb\u00e1ch<\/span><span data-contrast=\"auto\">,<\/span><span data-ccp-props=\"{&quot;134233279&quot;:true,&quot;201341983&quot;:0,&quot;335559739&quot;:200,&quot;335559740&quot;:240}\">&nbsp;<\/span><\/li><li data-leveltext=\"\uf0b7\" data-font=\"Symbol\" data-listid=\"30\" aria-setsize=\"-1\" data-aria-posinset=\"3\" data-aria-level=\"1\"><span data-contrast=\"auto\">\u0161kolen\u00ed t\u0159\u00eddi\u010d\u016f konstruk\u010dn\u00edho \u0159eziva<\/span><span data-contrast=\"auto\">.<\/span><span data-ccp-props=\"{&quot;134233279&quot;:true,&quot;201341983&quot;:0,&quot;335559739&quot;:200,&quot;335559740&quot;:240}\"> <br><\/span><\/li><\/ul>\n\n\n\n<p><\/p>\n\n\n\n<h2 class=\"wp-block-heading\">N\u00e1\u0161 specialista v dan\u00e9 oblasti<\/h2>\n\n\n<div id=\"pl-gb822-69f0b49e9d65e\"  class=\"panel-layout\" ><div id=\"pg-gb822-69f0b49e9d65e-0\"  class=\"panel-grid panel-no-style\" ><div id=\"pgc-gb822-69f0b49e9d65e-0-0\"  class=\"panel-grid-cell\" ><div id=\"panel-gb822-69f0b49e9d65e-0-0-0\" class=\"so-panel widget widget_text panel-first-child panel-last-child\" data-index=\"0\" >\t\t\t<div class=\"textwidget\"><p><img decoding=\"async\" class=\"size-full wp-image-1026 aligncenter lazyload\" data-src=\"https:\/\/rumex.mendelu.cz\/zstv\/wp-content\/uploads\/2021\/06\/SP_1790.jpg\" alt=\"\" width=\"200\" height=\"267\" src=\"data:image\/svg+xml;base64,PHN2ZyB3aWR0aD0iMSIgaGVpZ2h0PSIxIiB4bWxucz0iaHR0cDovL3d3dy53My5vcmcvMjAwMC9zdmciPjwvc3ZnPg==\" style=\"--smush-placeholder-width: 200px; --smush-placeholder-aspect-ratio: 200\/267;\" \/><\/p>\n<\/div>\n\t\t<\/div><\/div><div id=\"pgc-gb822-69f0b49e9d65e-0-1\"  class=\"panel-grid-cell\" ><div id=\"panel-gb822-69f0b49e9d65e-0-1-0\" class=\"so-panel widget widget_text panel-first-child panel-last-child\" data-index=\"1\" >\t\t\t<div class=\"textwidget\"><figure class=\"wp-block-table alignwide is-style-stripes\">\n<table>\n<tbody>\n<tr>\n<td><a href=\"?page_id=390\">Ing. Petr Sl\u00e1\u010d\u00edk<\/a><\/td>\n<\/tr>\n<tr>\n<td>vedouc\u00ed Zku\u0161ebny stavebn\u011b truhl\u00e1\u0159sk\u00fdch v\u00fdrobk\u016f ve Zl\u00edn\u011b<\/td>\n<\/tr>\n<tr>\n<td>mobil: +420 739 555 328<\/td>\n<\/tr>\n<tr>\n<td>e-mail: <a href=\"mailto:petr.slacik@zstv.cz\">petr.slacik@zstv.cz<\/a><\/td>\n<\/tr>\n<\/tbody>\n<\/table>\n<\/figure>\n<\/div>\n\t\t<\/div><\/div><\/div><\/div>\n\n\n<p><\/p>\n","protected":false},"excerpt":{"rendered":"<p>\u0160kolen\u00ed mont\u00e1\u017en\u00edk\u016f v oblasti zabudov\u00e1n\u00ed oken a vn\u011bj\u0161\u00edch dve\u0159\u00ed do stavby&nbsp;&nbsp; Prov\u00e1d\u00edme&nbsp; \u0161kolen\u00ed mont\u00e1\u017en\u00edk\u016f dle platn\u00fdch po\u017eadavk\u016f na zabudov\u00e1n\u00ed oken [&hellip;]<\/p>\n","protected":false},"author":3,"featured_media":0,"parent":0,"menu_order":0,"comment_status":"closed","ping_status":"closed","template":"","meta":{"footnotes":""},"class_list":["post-822","page","type-page","status-publish","hentry"],"yoast_head":"<!-- This site is optimized with the Yoast SEO plugin v27.4 - https:\/\/yoast.com\/product\/yoast-seo-wordpress\/ -->\n<title>\u0160kolen\u00ed - Zku\u0161ebna stavebn\u011b truhl\u00e1\u0159sk\u00fdch v\u00fdrobk\u016f a n\u00e1bytku<\/title>\n<meta name=\"robots\" content=\"index, follow, max-snippet:-1, max-image-preview:large, max-video-preview:-1\" \/>\n<link rel=\"canonical\" href=\"https:\/\/zstv.cz\/?page_id=822\" \/>\n<meta property=\"og:locale\" content=\"cs_CZ\" \/>\n<meta property=\"og:type\" content=\"article\" \/>\n<meta property=\"og:title\" content=\"\u0160kolen\u00ed - Zku\u0161ebna stavebn\u011b truhl\u00e1\u0159sk\u00fdch v\u00fdrobk\u016f a n\u00e1bytku\" \/>\n<meta property=\"og:description\" content=\"\u0160kolen\u00ed mont\u00e1\u017en\u00edk\u016f v oblasti zabudov\u00e1n\u00ed oken a vn\u011bj\u0161\u00edch dve\u0159\u00ed do stavby&nbsp;&nbsp; Prov\u00e1d\u00edme&nbsp; \u0161kolen\u00ed mont\u00e1\u017en\u00edk\u016f dle platn\u00fdch po\u017eadavk\u016f na zabudov\u00e1n\u00ed oken [&hellip;]\" \/>\n<meta property=\"og:url\" content=\"https:\/\/zstv.cz\/?page_id=822\" \/>\n<meta property=\"og:site_name\" content=\"Zku\u0161ebna stavebn\u011b truhl\u00e1\u0159sk\u00fdch v\u00fdrobk\u016f a n\u00e1bytku\" \/>\n<meta property=\"article:modified_time\" content=\"2022-07-19T09:06:37+00:00\" \/>\n<meta property=\"og:image\" content=\"https:\/\/rumex.mendelu.cz\/zstv\/wp-content\/uploads\/2021\/06\/SP_1790.jpg\" \/>\n<meta name=\"twitter:card\" content=\"summary_large_image\" \/>\n<meta name=\"twitter:label1\" content=\"Odhadovan\u00e1 doba \u010dten\u00ed\" \/>\n\t<meta name=\"twitter:data1\" content=\"2 minuty\" \/>\n<script type=\"application\/ld+json\" class=\"yoast-schema-graph\">{\"@context\":\"https:\\\/\\\/schema.org\",\"@graph\":[{\"@type\":\"WebPage\",\"@id\":\"https:\\\/\\\/zstv.cz\\\/?page_id=822\",\"url\":\"https:\\\/\\\/zstv.cz\\\/?page_id=822\",\"name\":\"\u0160kolen\u00ed - Zku\u0161ebna stavebn\u011b truhl\u00e1\u0159sk\u00fdch v\u00fdrobk\u016f a n\u00e1bytku\",\"isPartOf\":{\"@id\":\"https:\\\/\\\/zstv.cz\\\/#website\"},\"primaryImageOfPage\":{\"@id\":\"https:\\\/\\\/zstv.cz\\\/?page_id=822#primaryimage\"},\"image\":{\"@id\":\"https:\\\/\\\/zstv.cz\\\/?page_id=822#primaryimage\"},\"thumbnailUrl\":\"https:\\\/\\\/rumex.mendelu.cz\\\/zstv\\\/wp-content\\\/uploads\\\/2021\\\/06\\\/SP_1790.jpg\",\"datePublished\":\"2021-08-16T09:45:28+00:00\",\"dateModified\":\"2022-07-19T09:06:37+00:00\",\"breadcrumb\":{\"@id\":\"https:\\\/\\\/zstv.cz\\\/?page_id=822#breadcrumb\"},\"inLanguage\":\"cs\",\"potentialAction\":[{\"@type\":\"ReadAction\",\"target\":[\"https:\\\/\\\/zstv.cz\\\/?page_id=822\"]}]},{\"@type\":\"ImageObject\",\"inLanguage\":\"cs\",\"@id\":\"https:\\\/\\\/zstv.cz\\\/?page_id=822#primaryimage\",\"url\":\"https:\\\/\\\/rumex.mendelu.cz\\\/zstv\\\/wp-content\\\/uploads\\\/2021\\\/06\\\/SP_1790.jpg\",\"contentUrl\":\"https:\\\/\\\/rumex.mendelu.cz\\\/zstv\\\/wp-content\\\/uploads\\\/2021\\\/06\\\/SP_1790.jpg\"},{\"@type\":\"BreadcrumbList\",\"@id\":\"https:\\\/\\\/zstv.cz\\\/?page_id=822#breadcrumb\",\"itemListElement\":[{\"@type\":\"ListItem\",\"position\":1,\"name\":\"Dom\u016f\",\"item\":\"https:\\\/\\\/zstv.cz\\\/\"},{\"@type\":\"ListItem\",\"position\":2,\"name\":\"\u0160kolen\u00ed\"}]},{\"@type\":\"WebSite\",\"@id\":\"https:\\\/\\\/zstv.cz\\\/#website\",\"url\":\"https:\\\/\\\/zstv.cz\\\/\",\"name\":\"Zku\u0161ebna stavebn\u011b truhl\u00e1\u0159sk\u00fdch v\u00fdrobk\u016f a n\u00e1bytku\",\"description\":\"\",\"potentialAction\":[{\"@type\":\"SearchAction\",\"target\":{\"@type\":\"EntryPoint\",\"urlTemplate\":\"https:\\\/\\\/zstv.cz\\\/?s={search_term_string}\"},\"query-input\":{\"@type\":\"PropertyValueSpecification\",\"valueRequired\":true,\"valueName\":\"search_term_string\"}}],\"inLanguage\":\"cs\"}]}<\/script>\n<!-- \/ Yoast SEO plugin. -->","yoast_head_json":{"title":"\u0160kolen\u00ed - Zku\u0161ebna stavebn\u011b truhl\u00e1\u0159sk\u00fdch v\u00fdrobk\u016f a n\u00e1bytku","robots":{"index":"index","follow":"follow","max-snippet":"max-snippet:-1","max-image-preview":"max-image-preview:large","max-video-preview":"max-video-preview:-1"},"canonical":"https:\/\/zstv.cz\/?page_id=822","og_locale":"cs_CZ","og_type":"article","og_title":"\u0160kolen\u00ed - Zku\u0161ebna stavebn\u011b truhl\u00e1\u0159sk\u00fdch v\u00fdrobk\u016f a n\u00e1bytku","og_description":"\u0160kolen\u00ed mont\u00e1\u017en\u00edk\u016f v oblasti zabudov\u00e1n\u00ed oken a vn\u011bj\u0161\u00edch dve\u0159\u00ed do stavby&nbsp;&nbsp; Prov\u00e1d\u00edme&nbsp; \u0161kolen\u00ed mont\u00e1\u017en\u00edk\u016f dle platn\u00fdch po\u017eadavk\u016f na zabudov\u00e1n\u00ed oken [&hellip;]","og_url":"https:\/\/zstv.cz\/?page_id=822","og_site_name":"Zku\u0161ebna stavebn\u011b truhl\u00e1\u0159sk\u00fdch v\u00fdrobk\u016f a n\u00e1bytku","article_modified_time":"2022-07-19T09:06:37+00:00","og_image":[{"url":"https:\/\/rumex.mendelu.cz\/zstv\/wp-content\/uploads\/2021\/06\/SP_1790.jpg","type":"","width":"","height":""}],"twitter_card":"summary_large_image","twitter_misc":{"Odhadovan\u00e1 doba \u010dten\u00ed":"2 minuty"},"schema":{"@context":"https:\/\/schema.org","@graph":[{"@type":"WebPage","@id":"https:\/\/zstv.cz\/?page_id=822","url":"https:\/\/zstv.cz\/?page_id=822","name":"\u0160kolen\u00ed - Zku\u0161ebna stavebn\u011b truhl\u00e1\u0159sk\u00fdch v\u00fdrobk\u016f a n\u00e1bytku","isPartOf":{"@id":"https:\/\/zstv.cz\/#website"},"primaryImageOfPage":{"@id":"https:\/\/zstv.cz\/?page_id=822#primaryimage"},"image":{"@id":"https:\/\/zstv.cz\/?page_id=822#primaryimage"},"thumbnailUrl":"https:\/\/rumex.mendelu.cz\/zstv\/wp-content\/uploads\/2021\/06\/SP_1790.jpg","datePublished":"2021-08-16T09:45:28+00:00","dateModified":"2022-07-19T09:06:37+00:00","breadcrumb":{"@id":"https:\/\/zstv.cz\/?page_id=822#breadcrumb"},"inLanguage":"cs","potentialAction":[{"@type":"ReadAction","target":["https:\/\/zstv.cz\/?page_id=822"]}]},{"@type":"ImageObject","inLanguage":"cs","@id":"https:\/\/zstv.cz\/?page_id=822#primaryimage","url":"https:\/\/rumex.mendelu.cz\/zstv\/wp-content\/uploads\/2021\/06\/SP_1790.jpg","contentUrl":"https:\/\/rumex.mendelu.cz\/zstv\/wp-content\/uploads\/2021\/06\/SP_1790.jpg"},{"@type":"BreadcrumbList","@id":"https:\/\/zstv.cz\/?page_id=822#breadcrumb","itemListElement":[{"@type":"ListItem","position":1,"name":"Dom\u016f","item":"https:\/\/zstv.cz\/"},{"@type":"ListItem","position":2,"name":"\u0160kolen\u00ed"}]},{"@type":"WebSite","@id":"https:\/\/zstv.cz\/#website","url":"https:\/\/zstv.cz\/","name":"Zku\u0161ebna stavebn\u011b truhl\u00e1\u0159sk\u00fdch v\u00fdrobk\u016f a n\u00e1bytku","description":"","potentialAction":[{"@type":"SearchAction","target":{"@type":"EntryPoint","urlTemplate":"https:\/\/zstv.cz\/?s={search_term_string}"},"query-input":{"@type":"PropertyValueSpecification","valueRequired":true,"valueName":"search_term_string"}}],"inLanguage":"cs"}]}},"_links":{"self":[{"href":"https:\/\/zstv.cz\/index.php?rest_route=\/wp\/v2\/pages\/822","targetHints":{"allow":["GET"]}}],"collection":[{"href":"https:\/\/zstv.cz\/index.php?rest_route=\/wp\/v2\/pages"}],"about":[{"href":"https:\/\/zstv.cz\/index.php?rest_route=\/wp\/v2\/types\/page"}],"author":[{"embeddable":true,"href":"https:\/\/zstv.cz\/index.php?rest_route=\/wp\/v2\/users\/3"}],"replies":[{"embeddable":true,"href":"https:\/\/zstv.cz\/index.php?rest_route=%2Fwp%2Fv2%2Fcomments&post=822"}],"version-history":[{"count":11,"href":"https:\/\/zstv.cz\/index.php?rest_route=\/wp\/v2\/pages\/822\/revisions"}],"predecessor-version":[{"id":1556,"href":"https:\/\/zstv.cz\/index.php?rest_route=\/wp\/v2\/pages\/822\/revisions\/1556"}],"wp:attachment":[{"href":"https:\/\/zstv.cz\/index.php?rest_route=%2Fwp%2Fv2%2Fmedia&parent=822"}],"curies":[{"name":"wp","href":"https:\/\/api.w.org\/{rel}","templated":true}]}}