{"id":637,"date":"2021-08-17T08:00:00","date_gmt":"2021-08-17T06:00:00","guid":{"rendered":"https:\/\/rumex.mendelu.cz\/zstv\/?page_id=637"},"modified":"2021-08-17T08:04:25","modified_gmt":"2021-08-17T06:04:25","slug":"partner-pro-vyrobce-desek-ze-dreva-a-na-bazi-dreva","status":"publish","type":"page","link":"https:\/\/zstv.cz\/?page_id=637","title":{"rendered":"Partner pro v\u00fdrobce desek ze d\u0159eva a na b\u00e1zi d\u0159eva"},"content":{"rendered":"\n<p><span style=\"font-family: Arial, serif;\">Prov\u011b\u0159ujeme nejenom desky ze d\u0159eva, aglomerovan\u00e9 materi\u00e1ly a p\u0159ekli\u017eky, ale tak\u00e9 lepen\u00e9 hranoly pro v\u00fdrobu oken a dve\u0159\u00ed nebo polotovary pro v\u00fdrobu dve\u0159n\u00edch k\u0159\u00eddel.<\/span><\/p>\n\n\n\n<p><span style=\"font-family: Arial, serif;\"><b>Slu\u017eby laborato\u0159e<\/b><\/span><\/p>\n\n\n\n<p><span style=\"font-family: Arial, serif;\">V&nbsp;na\u0161\u00ed akreditovan\u00e9 zku\u0161ebn\u00ed laborato\u0159i jsme p\u0159ipraveni poskytnout z\u00e1kladn\u00ed i dopl\u0148kov\u00e9 zkou\u0161ky n\u00e1sleduj\u00edc\u00edch v\u00fdrobk\u016f:<\/span><\/p>\n\n\n\n<ul class=\"wp-block-list\"><li><span style=\"font-family: Arial, serif;\">desky z&nbsp;rostl\u00e9ho d\u0159eva,<\/span><\/li><li><span style=\"font-family: Arial, serif;\">p\u0159ekli\u017eky,<\/span><\/li><li><span style=\"font-family: Arial, serif;\">sp\u00e1rovky,<\/span><\/li><li><span style=\"font-family: Arial, serif;\">aglomerovan\u00e9 materi\u00e1ly,<\/span><\/li><li><span style=\"font-family: Arial, serif;\">lepen\u00e9 hranoly pro v\u00fdrobu oken a dve\u0159\u00ed.<\/span><\/li><\/ul>\n\n\n\n<p><span style=\"font-family: Arial, serif;\">v&nbsp;t\u011bchto z\u00e1kladn\u00edch vlastnostech:<\/span><\/p>\n\n\n\n<ul class=\"wp-block-list\"><li><span style=\"font-family: Arial, serif;\">modul pru\u017enost a pevnost v&nbsp;ohybu,<\/span><\/li><li><span style=\"font-family: Arial, serif;\">kvalita lepen\u00ed,<\/span><\/li><li><span style=\"font-family: Arial, serif;\">p\u0159\u00eddr\u017enost povrchu,<\/span><\/li><li><span style=\"font-family: Arial, serif;\">rozm\u011brov\u00e9 zm\u011bny,<\/span><\/li><li><span style=\"font-family: Arial, serif;\">bobtn\u00e1n\u00ed a rozlup\u010divost.<\/span><\/li><\/ul>\n\n\n\n<p><span style=\"font-family: Arial, serif;\">Dal\u0161\u00ed vlastnosti naleznete v&nbsp;seznamu zkou\u0161ek<!-- proklik na seznam zkou\u0161ek --> pro danou v\u00fdrobkovou kategorii.<\/span><\/p>\n\n\n\n<p><span style=\"font-family: Arial, serif;\"><b>Posouzen\u00ed vlastnost\u00ed ozn\u00e1men\u00fdm subjektem a ozna\u010den\u00ed zna\u010dkou CE<\/b><\/span><\/p>\n\n\n\n<p><span style=\"font-family: Arial, serif;\">Jsme p\u0159ipraveni v\u00e1m zpracovat posouzen\u00ed vlastnost\u00ed v\u00fdrobk\u016f, abyste si na z\u00e1klad\u011b v\u00fdsledk\u016f zkou\u0161ek mohli vystavit prohl\u00e1\u0161en\u00ed o vlastnostech a ozna\u010dovat va\u0161e v\u00fdrobky zna\u010dkou CE.<\/span><\/p>\n\n\n\n<p><span style=\"font-family: Arial, serif;\">Toto m\u016f\u017eeme prov\u00e9st na z\u00e1klad\u011b zkou\u0161ek proveden\u00fdch v na\u0161\u00ed akreditovan\u00e9 zku\u0161ebn\u00ed laborato\u0159i nebo na z\u00e1klad\u011b v\u00e1mi dodan\u00fdch protokol\u016f o zkou\u0161k\u00e1ch z jin\u00e9 akreditovan\u00e9 zku\u0161ebn\u00ed laborato\u0159e.<\/span><\/p>\n\n\n\n<h2 class=\"wp-block-heading\">N\u00e1\u0161 specialista v dan\u00e9 oblasti<\/h2>\n\n\n<div id=\"pl-gb637-69f0b47fecc29\"  class=\"panel-layout\" ><div id=\"pg-gb637-69f0b47fecc29-0\"  class=\"panel-grid panel-no-style\" ><div id=\"pgc-gb637-69f0b47fecc29-0-0\"  class=\"panel-grid-cell\" ><div id=\"panel-gb637-69f0b47fecc29-0-0-0\" class=\"so-panel widget widget_text panel-first-child panel-last-child\" data-index=\"0\" >\t\t\t<div class=\"textwidget\"><p><img decoding=\"async\" class=\"size-full wp-image-1015 aligncenter lazyload\" data-src=\"https:\/\/rumex.mendelu.cz\/zstv\/wp-content\/uploads\/2021\/06\/KT_1816.jpg\" alt=\"\" width=\"200\" height=\"267\" src=\"data:image\/svg+xml;base64,PHN2ZyB3aWR0aD0iMSIgaGVpZ2h0PSIxIiB4bWxucz0iaHR0cDovL3d3dy53My5vcmcvMjAwMC9zdmciPjwvc3ZnPg==\" style=\"--smush-placeholder-width: 200px; --smush-placeholder-aspect-ratio: 200\/267;\" \/><\/p>\n<\/div>\n\t\t<\/div><\/div><div id=\"pgc-gb637-69f0b47fecc29-0-1\"  class=\"panel-grid-cell\" ><div id=\"panel-gb637-69f0b47fecc29-0-1-0\" class=\"so-panel widget widget_text panel-first-child panel-last-child\" data-index=\"1\" >\t\t\t<div class=\"textwidget\"><figure class=\"wp-block-table alignwide is-style-stripes\">\n<table>\n<tbody>\n<tr>\n<td><a href=\"?page_id=390\">Ing. Tom\u00e1\u0161 Kocfelda<\/a><\/td>\n<\/tr>\n<tr>\n<td>slu\u017eby laborato\u0159e, m\u011b\u0159en\u00ed v ter\u00e9nu, BlowerDoor test, metrologie<\/td>\n<\/tr>\n<tr>\n<td>mobil: +420 739 555 329<\/td>\n<\/tr>\n<tr>\n<td>e-mail: <a href=\"mailto:tomas.kocfelda@zstv.cz\">tomas.kocfelda@zstv.cz<\/a><\/td>\n<\/tr>\n<\/tbody>\n<\/table>\n<\/figure>\n<\/div>\n\t\t<\/div><\/div><\/div><\/div>","protected":false},"excerpt":{"rendered":"<p>Prov\u011b\u0159ujeme nejenom desky ze d\u0159eva, aglomerovan\u00e9 materi\u00e1ly a p\u0159ekli\u017eky, ale tak\u00e9 lepen\u00e9 hranoly pro v\u00fdrobu oken a dve\u0159\u00ed nebo polotovary [&hellip;]<\/p>\n","protected":false},"author":3,"featured_media":0,"parent":0,"menu_order":0,"comment_status":"closed","ping_status":"closed","template":"","meta":{"footnotes":""},"class_list":["post-637","page","type-page","status-publish","hentry"],"yoast_head":"<!-- This site is optimized with the Yoast SEO plugin v27.4 - https:\/\/yoast.com\/product\/yoast-seo-wordpress\/ -->\n<title>Partner pro v\u00fdrobce desek ze d\u0159eva a na b\u00e1zi d\u0159eva - Zku\u0161ebna stavebn\u011b truhl\u00e1\u0159sk\u00fdch v\u00fdrobk\u016f a n\u00e1bytku<\/title>\n<meta name=\"robots\" content=\"index, follow, max-snippet:-1, max-image-preview:large, max-video-preview:-1\" \/>\n<link rel=\"canonical\" href=\"https:\/\/zstv.cz\/?page_id=637\" \/>\n<meta property=\"og:locale\" content=\"cs_CZ\" \/>\n<meta property=\"og:type\" content=\"article\" \/>\n<meta property=\"og:title\" content=\"Partner pro v\u00fdrobce desek ze d\u0159eva a na b\u00e1zi d\u0159eva - Zku\u0161ebna stavebn\u011b truhl\u00e1\u0159sk\u00fdch v\u00fdrobk\u016f a n\u00e1bytku\" \/>\n<meta property=\"og:description\" content=\"Prov\u011b\u0159ujeme nejenom desky ze d\u0159eva, aglomerovan\u00e9 materi\u00e1ly a p\u0159ekli\u017eky, ale tak\u00e9 lepen\u00e9 hranoly pro v\u00fdrobu oken a dve\u0159\u00ed nebo polotovary [&hellip;]\" \/>\n<meta property=\"og:url\" content=\"https:\/\/zstv.cz\/?page_id=637\" \/>\n<meta property=\"og:site_name\" content=\"Zku\u0161ebna stavebn\u011b truhl\u00e1\u0159sk\u00fdch v\u00fdrobk\u016f a n\u00e1bytku\" \/>\n<meta property=\"article:modified_time\" content=\"2021-08-17T06:04:25+00:00\" \/>\n<meta property=\"og:image\" content=\"https:\/\/rumex.mendelu.cz\/zstv\/wp-content\/uploads\/2021\/06\/KT_1816.jpg\" \/>\n<meta name=\"twitter:card\" content=\"summary_large_image\" \/>\n<meta name=\"twitter:label1\" content=\"Odhadovan\u00e1 doba \u010dten\u00ed\" \/>\n\t<meta name=\"twitter:data1\" content=\"1 minuta\" \/>\n<script type=\"application\/ld+json\" class=\"yoast-schema-graph\">{\"@context\":\"https:\\\/\\\/schema.org\",\"@graph\":[{\"@type\":\"WebPage\",\"@id\":\"https:\\\/\\\/zstv.cz\\\/?page_id=637\",\"url\":\"https:\\\/\\\/zstv.cz\\\/?page_id=637\",\"name\":\"Partner pro v\u00fdrobce desek ze d\u0159eva a na b\u00e1zi d\u0159eva - Zku\u0161ebna stavebn\u011b truhl\u00e1\u0159sk\u00fdch v\u00fdrobk\u016f a n\u00e1bytku\",\"isPartOf\":{\"@id\":\"https:\\\/\\\/zstv.cz\\\/#website\"},\"primaryImageOfPage\":{\"@id\":\"https:\\\/\\\/zstv.cz\\\/?page_id=637#primaryimage\"},\"image\":{\"@id\":\"https:\\\/\\\/zstv.cz\\\/?page_id=637#primaryimage\"},\"thumbnailUrl\":\"https:\\\/\\\/rumex.mendelu.cz\\\/zstv\\\/wp-content\\\/uploads\\\/2021\\\/06\\\/KT_1816.jpg\",\"datePublished\":\"2021-08-17T06:00:00+00:00\",\"dateModified\":\"2021-08-17T06:04:25+00:00\",\"breadcrumb\":{\"@id\":\"https:\\\/\\\/zstv.cz\\\/?page_id=637#breadcrumb\"},\"inLanguage\":\"cs\",\"potentialAction\":[{\"@type\":\"ReadAction\",\"target\":[\"https:\\\/\\\/zstv.cz\\\/?page_id=637\"]}]},{\"@type\":\"ImageObject\",\"inLanguage\":\"cs\",\"@id\":\"https:\\\/\\\/zstv.cz\\\/?page_id=637#primaryimage\",\"url\":\"https:\\\/\\\/rumex.mendelu.cz\\\/zstv\\\/wp-content\\\/uploads\\\/2021\\\/06\\\/KT_1816.jpg\",\"contentUrl\":\"https:\\\/\\\/rumex.mendelu.cz\\\/zstv\\\/wp-content\\\/uploads\\\/2021\\\/06\\\/KT_1816.jpg\"},{\"@type\":\"BreadcrumbList\",\"@id\":\"https:\\\/\\\/zstv.cz\\\/?page_id=637#breadcrumb\",\"itemListElement\":[{\"@type\":\"ListItem\",\"position\":1,\"name\":\"Dom\u016f\",\"item\":\"https:\\\/\\\/zstv.cz\\\/\"},{\"@type\":\"ListItem\",\"position\":2,\"name\":\"Partner pro v\u00fdrobce desek ze d\u0159eva a na b\u00e1zi d\u0159eva\"}]},{\"@type\":\"WebSite\",\"@id\":\"https:\\\/\\\/zstv.cz\\\/#website\",\"url\":\"https:\\\/\\\/zstv.cz\\\/\",\"name\":\"Zku\u0161ebna stavebn\u011b truhl\u00e1\u0159sk\u00fdch v\u00fdrobk\u016f a n\u00e1bytku\",\"description\":\"\",\"potentialAction\":[{\"@type\":\"SearchAction\",\"target\":{\"@type\":\"EntryPoint\",\"urlTemplate\":\"https:\\\/\\\/zstv.cz\\\/?s={search_term_string}\"},\"query-input\":{\"@type\":\"PropertyValueSpecification\",\"valueRequired\":true,\"valueName\":\"search_term_string\"}}],\"inLanguage\":\"cs\"}]}<\/script>\n<!-- \/ Yoast SEO plugin. -->","yoast_head_json":{"title":"Partner pro v\u00fdrobce desek ze d\u0159eva a na b\u00e1zi d\u0159eva - Zku\u0161ebna stavebn\u011b truhl\u00e1\u0159sk\u00fdch v\u00fdrobk\u016f a n\u00e1bytku","robots":{"index":"index","follow":"follow","max-snippet":"max-snippet:-1","max-image-preview":"max-image-preview:large","max-video-preview":"max-video-preview:-1"},"canonical":"https:\/\/zstv.cz\/?page_id=637","og_locale":"cs_CZ","og_type":"article","og_title":"Partner pro v\u00fdrobce desek ze d\u0159eva a na b\u00e1zi d\u0159eva - Zku\u0161ebna stavebn\u011b truhl\u00e1\u0159sk\u00fdch v\u00fdrobk\u016f a n\u00e1bytku","og_description":"Prov\u011b\u0159ujeme nejenom desky ze d\u0159eva, aglomerovan\u00e9 materi\u00e1ly a p\u0159ekli\u017eky, ale tak\u00e9 lepen\u00e9 hranoly pro v\u00fdrobu oken a dve\u0159\u00ed nebo polotovary [&hellip;]","og_url":"https:\/\/zstv.cz\/?page_id=637","og_site_name":"Zku\u0161ebna stavebn\u011b truhl\u00e1\u0159sk\u00fdch v\u00fdrobk\u016f a n\u00e1bytku","article_modified_time":"2021-08-17T06:04:25+00:00","og_image":[{"url":"https:\/\/rumex.mendelu.cz\/zstv\/wp-content\/uploads\/2021\/06\/KT_1816.jpg","type":"","width":"","height":""}],"twitter_card":"summary_large_image","twitter_misc":{"Odhadovan\u00e1 doba \u010dten\u00ed":"1 minuta"},"schema":{"@context":"https:\/\/schema.org","@graph":[{"@type":"WebPage","@id":"https:\/\/zstv.cz\/?page_id=637","url":"https:\/\/zstv.cz\/?page_id=637","name":"Partner pro v\u00fdrobce desek ze d\u0159eva a na b\u00e1zi d\u0159eva - Zku\u0161ebna stavebn\u011b truhl\u00e1\u0159sk\u00fdch v\u00fdrobk\u016f a n\u00e1bytku","isPartOf":{"@id":"https:\/\/zstv.cz\/#website"},"primaryImageOfPage":{"@id":"https:\/\/zstv.cz\/?page_id=637#primaryimage"},"image":{"@id":"https:\/\/zstv.cz\/?page_id=637#primaryimage"},"thumbnailUrl":"https:\/\/rumex.mendelu.cz\/zstv\/wp-content\/uploads\/2021\/06\/KT_1816.jpg","datePublished":"2021-08-17T06:00:00+00:00","dateModified":"2021-08-17T06:04:25+00:00","breadcrumb":{"@id":"https:\/\/zstv.cz\/?page_id=637#breadcrumb"},"inLanguage":"cs","potentialAction":[{"@type":"ReadAction","target":["https:\/\/zstv.cz\/?page_id=637"]}]},{"@type":"ImageObject","inLanguage":"cs","@id":"https:\/\/zstv.cz\/?page_id=637#primaryimage","url":"https:\/\/rumex.mendelu.cz\/zstv\/wp-content\/uploads\/2021\/06\/KT_1816.jpg","contentUrl":"https:\/\/rumex.mendelu.cz\/zstv\/wp-content\/uploads\/2021\/06\/KT_1816.jpg"},{"@type":"BreadcrumbList","@id":"https:\/\/zstv.cz\/?page_id=637#breadcrumb","itemListElement":[{"@type":"ListItem","position":1,"name":"Dom\u016f","item":"https:\/\/zstv.cz\/"},{"@type":"ListItem","position":2,"name":"Partner pro v\u00fdrobce desek ze d\u0159eva a na b\u00e1zi d\u0159eva"}]},{"@type":"WebSite","@id":"https:\/\/zstv.cz\/#website","url":"https:\/\/zstv.cz\/","name":"Zku\u0161ebna stavebn\u011b truhl\u00e1\u0159sk\u00fdch v\u00fdrobk\u016f a n\u00e1bytku","description":"","potentialAction":[{"@type":"SearchAction","target":{"@type":"EntryPoint","urlTemplate":"https:\/\/zstv.cz\/?s={search_term_string}"},"query-input":{"@type":"PropertyValueSpecification","valueRequired":true,"valueName":"search_term_string"}}],"inLanguage":"cs"}]}},"_links":{"self":[{"href":"https:\/\/zstv.cz\/index.php?rest_route=\/wp\/v2\/pages\/637","targetHints":{"allow":["GET"]}}],"collection":[{"href":"https:\/\/zstv.cz\/index.php?rest_route=\/wp\/v2\/pages"}],"about":[{"href":"https:\/\/zstv.cz\/index.php?rest_route=\/wp\/v2\/types\/page"}],"author":[{"embeddable":true,"href":"https:\/\/zstv.cz\/index.php?rest_route=\/wp\/v2\/users\/3"}],"replies":[{"embeddable":true,"href":"https:\/\/zstv.cz\/index.php?rest_route=%2Fwp%2Fv2%2Fcomments&post=637"}],"version-history":[{"count":6,"href":"https:\/\/zstv.cz\/index.php?rest_route=\/wp\/v2\/pages\/637\/revisions"}],"predecessor-version":[{"id":1393,"href":"https:\/\/zstv.cz\/index.php?rest_route=\/wp\/v2\/pages\/637\/revisions\/1393"}],"wp:attachment":[{"href":"https:\/\/zstv.cz\/index.php?rest_route=%2Fwp%2Fv2%2Fmedia&parent=637"}],"curies":[{"name":"wp","href":"https:\/\/api.w.org\/{rel}","templated":true}]}}